) = -68*u - 7. Suppose 0 = o + 1 + 1. Let v be x(o). Suppose 554 = 5*q + v. What are the prime factors of q?
5, 17
What are the prime factors of (-19)/(1197/(-2526885)) + 16/(-56)?
19, 2111
Suppose 0*d + d + b - 9 = 0, 0 = -2*d - 5*b + 33. Suppose p = -d*j + 40, 3*j - 5*p = -0*p + 30. What are the prime factors of (-8736)/(-105) - (-8)/j?
2, 3, 7
Let o(k) = -210*k - 36 + 95 - 44. List the prime factors of o(-3).
3, 5, 43
Suppose 0*z = -2*z + 4. Suppose z*f - 533 = -83. Suppose f + 25 = 5*y. What are the prime factors of y?
2, 5
Suppose 33*j + j - 160674 = -16752. List the prime factors of j.
3, 17, 83
Let o = 78 + -50. Let r be (-7)/(o/(-6))*2/3. List the prime factors of r/(-1)*(5 - 3) + 122.
2, 3, 5
Suppose -16*h = -23951 - 123025. What are the prime factors of h?
2, 3, 1531
Let j be -18*((-765)/10)/(-9). Let i be (0 - -1)*38*j/34. Let w = i + 240. What are the prime factors of w?
3, 23
Suppose 10*r = 11*r - 5. Suppose 15 = r*x + 5. What are the prime factors of (-428)/(-18) + x/9?
2, 3
Let b = -145 - 413. Let j = -134 - b. What are the prime factors of j?
2, 53
Let j(b) = -4*b + 5. Let c be j(2). List the prime factors of (2 - (c - -1 - 528)) + 2.
2, 3, 89
Suppose -5*r - 20216 = -t - 52865, -4*r + 2*t + 26118 = 0. List the prime factors of r.
2, 5, 653
Suppose -15*c - 11*c + 289227 = -318991. What are the prime factors of c?
149, 157
Let h be -157 + -41 + -1 + -2. Let z = 284 + h. List the prime factors of z.
83
Suppose -3*y + 16638 = h, 3*h + 3839 = -3*y + 53741. List the prime factors of h.
2, 3, 7, 11
Let c = 12882 + -6276. List the prime factors of c.
2, 3, 367
Suppose -46 + 33 = 13*m. List the prime factors of (1887/(-68))/(6*m/128).
2, 37
Let h(j) = -38*j + 86. Let q be h(14). Let f = q - -896. What are the prime factors of f?
2, 3, 5
Suppose 0 = -2*s - 15*x + 10*x + 12020, -24048 = -4*s - 8*x. List the prime factors of s.
2, 5, 7, 43
Suppose -4*j = 2*d - 20408, -2*j + 10192 = -0*j - 5*d. What are the prime factors of j?
5101
Let y = 12501 - 7638. What are the prime factors of y?
3, 1621
Let s be (41 + 9 + -4)*1*-1. Let c = 50 + s. Suppose 5*n + 5*k - 300 = -0*k, -c*k - 8 = 0. List the prime factors of n.
2, 31
Suppose 4*q - 39692 = 5*v, 45*q - 43*q - 5*v - 19856 = 0. Suppose -q = 57*s - 75*s. What are the prime factors of s?
19, 29
Let g(j) = j + 12. Let h be g(-9). Suppose k = -f + h, 2*f - f - 15 = -4*k. Suppose 3*d + 520 = -0*z + k*z, -669 = -5*z - d. What are the prime factors of z?
7, 19
Let a(g) = g**2 - 23*g - 36. Let m be a(28). Suppose p + m = 3*h - 2*h, 0 = 4*h + 2*p - 386. List the prime factors of h.
3, 11
Suppose 3*s - 4 = 8, -2*l + 18344 = 5*s. What are the prime factors of l?
2, 3, 509
Suppose -16 = -3*g - 10. Suppose -5*q + 20 = 0, -g*u + 8*q + 346 = 3*q. What are the prime factors of u?
3, 61
Let h be 4 + -1 + -10*6/(-15). Suppose 11 = h*u - 3. Suppose -j + 0*j - u*n = -30, n = -2*j + 48. List the prime factors of j.
2, 11
Let p be (-1 - -4)/((-6)/(-8)). Let g(f) = -53*f + 434. Let t be g(8). What are the prime factors of (p + (-415)/t)*10/(-3)?
5
Suppose -273 = 13*m - 14*m. Suppose 2*t + 77 - m = 0. Let j = -74 + t. List the prime factors of j.
2, 3
Let p = 24 - 22. Let z be (p + -7)*(0 - (-2 - -3)). Suppose 99 = z*a - 2*a. List the prime factors of a.
3, 11
Let c = -11899 - -19174. What are the prime factors of (1 + 3)/(30/c)?
2, 5, 97
Let g = 153128 + -76786. List the prime factors of g.
2, 7, 19, 41
Suppose 0 = -k - 4*o + 11487, 128*o = 10*k + 126*o - 114870. What are the prime factors of k?
3, 7, 547
Let h = -13125 - -13391. Suppose w - 4864 = -3*w. Suppose 6*a = h + w. What are the prime factors of a?
13, 19
Suppose -6*k = -12*k + 80688. List the prime factors of 3/(-12) - k/(-32).
2, 3, 5, 7
Let a = 33940 + 7907. Suppose a = -11*l + 40*l. List the prime factors of l.
3, 13, 37
Let c be (378/(-108))/(2/4). List the prime factors of 49/(-6*c/378).
3, 7
Let g(v) = 390*v**3 + 4*v**2 - 4*v + 1. Suppose -90 = 3*r - 93. List the prime factors of g(r).
17, 23
Let u(c) = -34*c. Let r be (-21)/(-5) - (-3)/(-15). Suppose 7*k + 3 + r = 0. What are the prime factors of u(k)?
2, 17
Let v = -4362 - -7275. Suppose -v = -3*c + 399. List the prime factors of c.
2, 3, 23
Let u(n) = 1042*n - 2893. What are the prime factors of u(18)?
29, 547
Suppose 59*x = -146*x + 3446214 - 412214. What are the prime factors of x?
2, 5, 37
Suppose -38*o + 42*o + 17808 = 4*r, 0 = -3*r + 5*o + 13368. List the prime factors of r.
2, 3, 13, 19
Let t(o) = -22249*o + 303. What are the prime factors of t(-1)?
2, 2819
Let t(u) = 11*u**2 + 3 + 3*u**3 - u**3 - 16*u**2 - 3*u**3 - 5*u. Let p be t(-4). Suppose p*l - 13 = 36. What are the prime factors of l?
7
Let q(w) = -w**3 - 31*w**2 - 11*w - 51. Let b be q(-30). List the prime factors of (b/6)/(5/(-20)).
2, 3, 23
Let d(s) = 2*s**2 - 4*s - 16. Let c(g) = 4*g**2 - 7*g - 31. Suppose -10 = 2*q - 20. Let i(w) = q*d(w) - 2*c(w). What are the prime factors of i(9)?
2, 3, 5
Let f(k) = -248*k - 199. Let b(p) = -166*p - 133. Let o(y) = 8*b(y) - 5*f(y). List the prime factors of o(-6).
3, 17
Let z = 22179 + 4518. List the prime factors of z.
3, 11, 809
Let f(w) = -15*w**2 - 29*w + 21. Let o(t) = -5*t**2 - 10*t + 7. Let b(j) = 6*f(j) - 17*o(j). Let v be b(5). Let z = 256 + v. List the prime factors of z.
2, 59
Let a(c) = -c**2 + 31*c - 29. Let x(j) = 5*j - 25. Let s be x(8). Let q be a(s). List the prime factors of (-10)/(-15) + 0 - q/(-3).
71
Let p(w) = w + 8. Let s be p(3). Suppose -699 = -s*h + 368. What are the prime factors of h?
97
Let i(w) = -w**3 + 44*w**2 - 43*w + 135. Let q be i(43). Let f = q + 41. List the prime factors of f.
2, 11
Let m = -704 - -712. Suppose m*a - 48564 = -28*a. What are the prime factors of a?
19, 71
Let z(g) = -3*g + 12. Let y(s) = 3*s - 12. Let p(w) = -4*y(w) - 3*z(w). Suppose -3*c - 40 = 17. What are the prime factors of p(c)?
3, 23
Suppose -2*k + 3099 = -j, k - 4*k - j + 4661 = 0. What are the prime factors of k?
2, 97
Let h(b) = -143*b + 1282. What are the prime factors of h(-60)?
2, 4931
Let w be -1*57*(-4 - -3). Let d(f) = -f**3 + 2*f - 21. Let m be d(0). Let j = m + w. What are the prime factors of j?
2, 3
Suppose 2*q = -3*q + 1255. Suppose 4*l = 5*v - 521 - q, -v = -2*l - 158. Suppose 0*c + 144 = c + o, -3*o - v = -c. List the prime factors of c.
2, 73
Suppose -2*g - 4*i + 14 = 0, -5*g - 4 + 3 = i. Let s be (-11)/9 - g - 97/9. Let m(r) = r**3 + 11*r**2 - 3*r - 14. List the prime factors of m(s).
19
What are the prime factors of ((-65)/(-13) + 9795/(-25))*-10?
2, 967
List the prime factors of (-4)/(-12) - ((2239490/33)/(-5) - 5).
2, 3, 31, 73
Let w be 1302 - (1 + -3) - (3 + -3). Let r be (-2)/(-7) + w/(-56). Let v = 27 + r. What are the prime factors of v?
2
Let y(h) = 48*h**2 + 126*h + 37. What are the prime factors of y(12)?
8461
List the prime factors of -719*(-13 - 0) + 29 + -35.
9341
Suppose -4*z + 3823 = p - 69256, 5*p - 15 = 0. List the prime factors of z.
18269
List the prime factors of (2 - 97)/1*(-2774)/146.
5, 19
Suppose -u + 236 = 281*m - 284*m, -u + 4*m = -234. List the prime factors of u.
2, 11
Let g = 124 + -119. Suppose -g*j + 15 = -0*j. Suppose 3*l - m - 400 = -0*m, -2*l + j*m = -276. List the prime factors of l.
2, 3, 11
Let t be 5*(-1)/(15/18). List the prime factors of (-3)/((t/2080)/(5/20)).
2, 5, 13
Let c = 128 - 126. What are the prime factors of ((-94)/(-3))/(c/15)?
5, 47
Suppose -172*h + 6614028 = 16*h. What are the prime factors of h?
3, 1303
Let r be -86*(-3)/(-6) - 5. Let f = r + 87. Suppose 45*q - 426 = f*q. List the prime factors of q.
71
Let v be (6/(-48)*4)/(2/(-4)). What are the prime factors of (-284 + -6)/(-1 - v)?
5, 29
Suppose 20 - 19 = -c + 2*t, 0 = 5*c + 4*t + 19. Let o(m) = 111*m**2 + 24*m + 79. What are the prime factors of o(c)?
2, 503
What are the prime factors of 2/6*(31432 - -41)?
3, 13, 269
Suppose -8*s = 6*s - 294. List the prime factors of (-57)/(-8)*140/s*6.
3, 5, 19
Let n = 23 - 17. What are the prime factors of 1302/(-24)*((-2)/(-1) - n)?
7, 31
Suppose 0 = 2*q - d + 136, -34*q = -37*q - 3*d - 177. Suppose 5*g = 19 - 4. List the prime factors of (g/(60/8))/((-1)/q).
2, 13
Suppose 0 = 5*v - 45 + 80, 4*g - 17056 = 4*v. What are the prime factors of g?
3, 11, 43
Let k(w) be the second derivative of -w**5/20 + 3*w**4 + 22*w**3/